1?
-1344434202
In base 11, what is -43aa4953 - -3?
-43aa4950
In base 12, what is -22b5996 + 5?
-22b5991
In base 16, what is 495244 + d?
495251
In base 13, what is -39c92 + -326?
-3a2b8
In base 2, what is 110010010 - 1001110110111000?
-1001110000100110
In base 6, what is 2244223 - -440?
2245103
In base 5, what is 31422 - -112141?
144113
In base 10, what is 979203 - -5?
979208
In base 3, what is -2102122 + 110102221?
101000022
In base 14, what is -1d38acd5 + -3?
-1d38acd8
In base 6, what is -225 + -405122?
-405351
In base 10, what is -4 - 12426885?
-12426889
In base 13, what is 239572 + -2?
239570
In base 7, what is -3 - -52130053?
52130050
In base 16, what is 16 - 1169263?
-116924d
In base 7, what is -16450443656 - 4?
-16450443663
In base 8, what is 5467 + 37513?
45202
In base 14, what is 3d + -3aa37?
-3a9d8
In base 3, what is -21010 - -2001201100?
2001110020
In base 13, what is -221b3 + 51?
-22162
In base 10, what is 7958 - 1257?
6701
In base 11, what is 2010a5a - 4?
2010a56
In base 13, what is -23c8 - 4a?
-2445
In base 16, what is 158 - 22089?
-21f31
In base 5, what is -2324 + 12104114?
12101240
In base 5, what is -24010024 - 2014?
-24012043
In base 13, what is 57ba182 - 5?
57ba17a
In base 13, what is ca566 - 1?
ca565
In base 6, what is -15130 + -23440?
-43010
In base 16, what is c4d95 - 9?
c4d8c
In base 12, what is b65 - 136b8?
-12753
In base 7, what is -4 - -1520202453?
1520202446
In base 14, what is 3 + -d99385?
-d99382
In base 11, what is 3 - 49a2155?
-49a2152
In base 3, what is -11 - 1202022102000122?
-1202022102000210
In base 3, what is -10122000220220 + -22210?
-10122001020200
In base 14, what is -1 + -b846dc5?
-b846dc6
In base 16, what is 2ac487 + 5?
2ac48c
In base 8, what is 57062 - 56007?
1053
In base 14, what is a31 - -525?
1156
In base 9, what is 43632 - -51?
43683
In base 4, what is 10 + 2020133130023?
2020133130033
In base 15, what is 14e8c1 - -13?
14e8d4
In base 15, what is 16bd + 3410?
4acd
In base 11, what is -257a + -108900?
-11037a
In base 13, what is 1c0 - 551c2c?
-551a3c
In base 8, what is 33077114 - 31?
33077063
In base 5, what is -313 - -143113?
142300
In base 5, what is -2102 - 343443?
-401100
In base 14, what is -2314d38 - 5?
-2314d3d
In base 8, what is -107456 + -3476?
-113154
In base 9, what is 1 - -57673441?
57673442
In base 13, what is 7b3ba37 + -8?
7b3ba2c
In base 8, what is 21632636 + -127?
21632507
In base 5, what is -10040420013 + -10?
-10040420023
In base 14, what is 5c - -1b48a?
1b508
In base 13, what is -10b814a8 - -2?
-10b814a6
In base 9, what is 2 + -20748664?
-20748662
In base 3, what is 1212002222110 - -111?
1212002222221
In base 10, what is 149497121 - 1?
149497120
In base 14, what is -7540 + 473?
-70ab
In base 8, what is 664706 - -660?
665566
In base 7, what is 344336 + 11252?
355621
In base 3, what is -2210 + -101101001?
-101110211
In base 9, what is 5 - 302307342?
-302307336
In base 14, what is 359aa22 + -5?
359aa1b
In base 7, what is 125102045 - -5?
125102053
In base 2, what is 1000101 + 11001011100100110110?
11001011100101111011
In base 6, what is 243 - -3131302?
3131545
In base 13, what is -8cb5 + 7?
-8cab
In base 9, what is 2101864620 + 2?
2101864622
In base 2, what is 11011101001010110 - 101010101011?
11010111110101011
In base 5, what is 1014 - -4240001133?
4240002202
In base 15, what is -d9d4 + -517?
-deeb
In base 5, what is 3412040 + -11432?
3400103
In base 16, what is -27 + -39eab5?
-39eadc
In base 6, what is 14401 + 110431?
125232
In base 16, what is -45 + -2301db?
-230220
In base 9, what is -12686 - 20242?
-33038
In base 7, what is 121 + 520404?
520525
In base 2, what is 100 - 1100101000111001110000?
-1100101000111001101100
In base 14, what is -3995d + -178?
-39ad7
In base 15, what is 21d21de - -e?
21d21ed
In base 15, what is -51135 + -46?
-5117b
In base 7, what is 3 + 11202121?
11202124
In base 14, what is aba + -1600?
-924
In base 15, what is -7156 - 5eb?
-7752
In base 3, what is -22101210001120 - 1120?
-22101210010010
In base 12, what is 0 - -5a27?
5a27
In base 12, what is 13 - -589154?
589167
In base 9, what is 167 - 831134?
-830856
In base 6, what is -231 + 3243413?
3243142
In base 9, what is -10382645 - 7?
-10382653
In base 3, what is 111200120 - 1011111?
110112002
In base 2, what is 100 - 11011100110111001110?
-11011100110111001010
In base 10, what is 8 - 83561291?
-83561283
In base 9, what is 1265048 + -11?
1265037
In base 10, what is -29 - 250096?
-250125
In base 15, what is -1 - -173380?
17337e
In base 14, what is 1847 - -a399?
bc02
In base 4, what is 2102 + -313213232?
-313211130
In base 9, what is -777836 + 11?
-777825
In base 14, what is -355 - -9ccd?
9978
In base 10, what is -5 - 52195080?
-52195085
In base 2, what is -1000011000001101100100 + 101111010?
-1000011000000111101010
In base 5, what is -1321 + -1122430342?
-1122432213
In base 5, what is -1412214241 + 1?
-1412214240
In base 8, what is 31247254 - 16?
31247236
In base 7, what is 21626 + -5420?
13206
In base 2, what is -1010000101011110101000 - -10100?
-1010000101011110010100
In base 3, what is 2 + -11202022200220?
-11202022200211
In base 3, what is 1 + 1101110211201212?
1101110211201220
In base 2, what is -1111111001111011101 - 1101?
-1111111001111101010
In base 4, what is -3011120200 + -102321?
-3011223121
In base 10, what is -5 - 2325836?
-2325841
In base 4, what is -3 + 11011330332?
11011330323
In base 9, what is -78644288 - 2?
-78644301
In base 8, what is 27 + -2263041?
-2263012
In base 16, what is -55c456 - b?
-55c461
In base 16, what is 367d0 - -6e?
3683e
In base 11, what is -4 - 5557a39?
-5557a42
In base 3, what is 10202111 + -2020001212?
-2002022101
In base 7, what is 5 + 2552225412?
2552225420
In base 11, what is 522563 + 60?
522613
In base 9, what is 4 - 3878554?
-3878550
In base 15, what is 23836b9 + -2?
23836b7
In base 7, what is 11115224406 - 3?
11115224403
In base 4, what is -230 + 232033103?
232032213
In base 3, what is 1110102110011110 + 10?
1110102110011120
In base 10, what is 2627 + 89692?
92319
In base 10, what is -4874 + 72?
-4802
In base 16, what is -6 + -4261a8?
-4261ae
In base 11, what is -a94 + 6658?
5674
In base 7, what is -5 - -16126642?
16126634
In base 8, what is 4444232 + -12?
4444220
In base 5, what is 3040 - -2030344?
2033434
In base 6, what is 10 - 2244314204?
-2244314154
In base 12, what is 1258 - 5686?
-442a
In base 6, what is 32 - -5000522045?
5000522121
In base 16, what is 9576 + -df0?
8786
In base 5, what is 3223333334 - 242?
3223333042
In base 13, what is -6 + 6264b07?
6264b01
In base 8, what is -5 + -2201633257?
-2201633264
In base 3, what is 1121220 + -11012002110?
-11010110120
In base 3, what is -1221121120122 + 11?
-1221121120111
In base 14, what is -2943 + 1257?
-16ca
In base 13, what is 214724 - 4?
214720
In base 15, what is 688 - -76da?
7d73
In base 13, what is a882c - b?
a8821
In base 16, what is 4 - -266bcd?
266bd1
In base 16, what is bec171 - -9?
bec17a
In base 7, what is 0 - -144134451?
144134451
In base 16, what is 7b555 - da?
7b47b
In base 8, what is -356567 + -131?
-356720
In base 7, what is -42 - -10551423?
10551351
In base 2, what is -11100011001000010 + -111010110?
-11100100000011000
In base 4, what is 2 - -1301112303322?
1301112303330
In base 13, what is -52a506 + -70?
-52a576
In base 2, what is -101100 + -1110111100101110111101?
-1110111100101111101001
In base 11, what is -15 - 192a420?
-192a435
In base 8, what is -1 + 22064221?
22064220
In base 9, what is -123712 + 1434?
-122267
In base 10, what is 42 - 6910190?
-6910148
In base 16, what is 208 + 4d46e?
4d676
In base 8, what is -4 + -12526304?
-12526310
In base 8, what is 23 - 12644320?
-12644275
In base 10, what is -201642374 + -3?
-201642377
In base 12, what is -150 - 16782?
-16912
In base 6, what is -1021523 - 443?
-1022410
In base 5, what is 322041330140 - -2?
322041330142
In base 11, what is 12 + 160a83a?
160a851
In base 4, what is -2 + -110201112120120?
-110201112120122
In base 5, what is -21233 - 40130?
-111413
In base 11, what is 18 + a528998?
a528a05
In base 13, what is 44231b9 - 3?
44231b6
In base 3, what is -10 - -12201210010221?
12201210010211
In base 8, what is 17425 - -15236?
34663
In base 2, what is -100 + -101111001010001001011?
-101111001010001001111
In base 13, what is 20cbb + 3b?
21029
I